{"id":7129,"date":"2021-04-08T12:19:03","date_gmt":"2021-04-08T10:19:03","guid":{"rendered":"http:\/\/www.faitesmaison.com\/?page_id=7129"},"modified":"2026-04-02T12:53:43","modified_gmt":"2026-04-02T10:53:43","slug":"bonjour","status":"publish","type":"page","link":"https:\/\/www.faitesmaison.com\/","title":{"rendered":"Info"},"content":{"rendered":"\n<p class=\"has-text-align-center\"><span style=\"color:#c19e13\" class=\"has-inline-color\"><strong>Bonjour mon site est actuellement en pause.<\/strong><\/span><strong><br>Je refais un peu le design car mon ancien ne fonctionne plus&#8230; le menu est en cours de refonte. Merci de votre patience.<span style=\"color:#c19e13\" class=\"has-inline-color\"><br><\/span><br><span style=\"color:#c19e13\" class=\"has-inline-color\">Vous pouvez toujours naviguer librement <\/span><br><span style=\"color:#c19e13\" class=\"has-inline-color\">et d\u00e9couvrir les multiples recettes que j&#8217;ai faites pendant les derni\u00e8res ann\u00e9es.<\/span> <br><br>A bient\u00f4t,<br>Mariejoe<\/strong><br><\/p>\n\n\n<div class=\"wp-block-image\">\n<figure class=\"aligncenter size-large\"><img loading=\"lazy\" decoding=\"async\" width=\"250\" height=\"250\" src=\"http:\/\/www.faitesmaison.com\/wp-content\/uploads\/2009\/08\/moisite.jpg\" alt=\"\" class=\"wp-image-7009\" srcset=\"https:\/\/www.faitesmaison.com\/wp-content\/uploads\/2009\/08\/moisite.jpg 250w, https:\/\/www.faitesmaison.com\/wp-content\/uploads\/2009\/08\/moisite-150x150.jpg 150w\" sizes=\"auto, (max-width: 250px) 100vw, 250px\" \/><\/figure>\n<\/div>","protected":false},"excerpt":{"rendered":"<p>Bonjour mon site est actuellement en pause.Je refais un peu le design car mon ancien ne fonctionne plus&#8230; le menu est en cours de refonte. Merci de votre patience.Vous pouvez toujours naviguer librement et d\u00e9couvrir les multiples recettes que j&#8217;ai faites pendant les derni\u00e8res ann\u00e9es. A bient\u00f4t,Mariejoe<\/p>\n","protected":false},"author":1,"featured_media":0,"parent":0,"menu_order":0,"comment_status":"closed","ping_status":"closed","template":"","meta":{"footnotes":""},"class_list":["post-7129","page","type-page","status-publish","hentry"],"jetpack_shortlink":"https:\/\/wp.me\/P1OJAS-1QZ","jetpack_sharing_enabled":true,"_links":{"self":[{"href":"https:\/\/www.faitesmaison.com\/index.php\/wp-json\/wp\/v2\/pages\/7129","targetHints":{"allow":["GET"]}}],"collection":[{"href":"https:\/\/www.faitesmaison.com\/index.php\/wp-json\/wp\/v2\/pages"}],"about":[{"href":"https:\/\/www.faitesmaison.com\/index.php\/wp-json\/wp\/v2\/types\/page"}],"author":[{"embeddable":true,"href":"https:\/\/www.faitesmaison.com\/index.php\/wp-json\/wp\/v2\/users\/1"}],"replies":[{"embeddable":true,"href":"https:\/\/www.faitesmaison.com\/index.php\/wp-json\/wp\/v2\/comments?post=7129"}],"version-history":[{"count":1,"href":"https:\/\/www.faitesmaison.com\/index.php\/wp-json\/wp\/v2\/pages\/7129\/revisions"}],"predecessor-version":[{"id":7275,"href":"https:\/\/www.faitesmaison.com\/index.php\/wp-json\/wp\/v2\/pages\/7129\/revisions\/7275"}],"wp:attachment":[{"href":"https:\/\/www.faitesmaison.com\/index.php\/wp-json\/wp\/v2\/media?parent=7129"}],"curies":[{"name":"wp","href":"https:\/\/api.w.org\/{rel}","templated":true}]}}